{"id":10,"date":"2023-08-03T21:58:05","date_gmt":"2023-08-03T19:58:05","guid":{"rendered":"https:\/\/schwyzeranwalt.ch\/?page_id=10"},"modified":"2024-01-13T16:32:55","modified_gmt":"2024-01-13T15:32:55","slug":"ueber-mich","status":"publish","type":"page","link":"https:\/\/schwyzeranwalt.ch\/?page_id=10","title":{"rendered":"\u00dcber mich"},"content":{"rendered":"\n<figure class=\"wp-block-image size-full\"><img loading=\"lazy\" decoding=\"async\" width=\"800\" height=\"500\" src=\"https:\/\/schwyzeranwalt.ch\/wp-content\/uploads\/2023\/08\/4-1.jpg\" alt=\"\" class=\"wp-image-30\" srcset=\"https:\/\/schwyzeranwalt.ch\/wp-content\/uploads\/2023\/08\/4-1.jpg 800w, https:\/\/schwyzeranwalt.ch\/wp-content\/uploads\/2023\/08\/4-1-300x188.jpg 300w, https:\/\/schwyzeranwalt.ch\/wp-content\/uploads\/2023\/08\/4-1-768x480.jpg 768w\" sizes=\"auto, (max-width: 767px) 89vw, (max-width: 1000px) 54vw, (max-width: 1071px) 543px, 580px\" \/><\/figure>\n\n\n\n<h2 class=\"wp-block-heading\">Berufstitel und Mitgliedschaften<\/h2>\n\n\n\n<p>Rechtsanw\u00e4ltin SAV und Mediatorin CAS\/SAV<br>Urkundsperson des\u202fKantons Schwyz<br>Mitglied des Anwaltsverbandes des Kantons Schwyz (AVSZ)<br>Mitglied des Schweizerischen\u202fAnwaltsverbandes (SAV)<br>Mitglied\u202fdes Vereins Mediation\u202fZentralschweiz (VMZS)<\/p>\n\n\n\n<h2 class=\"wp-block-heading\">Aus- und Weiterbildungen<\/h2>\n\n\n\n<p>Laufend Express-Fortbildungen f\u00fcr Anw\u00e4lte (Universit\u00e4t Luzern)<br>2013 Zusatzausbildung als Mediatorin SAV (Schweizerischer Anwaltsverband)<br>2013 Zusatzstudium Mediatorin CAS (Certificate of Advanced Studies, Hochschule Luzern)<br>2012 Fachkurs Gerichtsnahe Mediation<br>1992 Rechtsanwaltspatent und Urkundsperson des Kantons Schwyz<br>1983 Studium Jurisprudenz an der Universit\u00e4t Freiburg (lic. iur.),<br>Abschluss mit H\u00f6chstpr\u00e4dikat (Summa cum laude)<br>1979 Maturit\u00e4t am Kollegium Nuolen, Typus A<\/p>\n\n\n\n<h2 class=\"wp-block-heading\">\u202fBerufliche T\u00e4tigkeiten<\/h2>\n\n\n\n<p>Seit 2014 Gerichtsschreiberin am Bezirksgericht Gersau<br>2011-2015 Vizepr\u00e4sidentin in der Miet-Schlichtungsbeh\u00f6rde des Bezirks Schwyz<br>Seit 2011 Mitglied des Vereins &#8222;Anwalt der ersten Stunde&#8220;<br>Seit 2008 Mitglied in der Rekurskommission der r\u00f6m.-kath. Kantonalkirche Schwyz<br>Seit 1992 Selbst\u00e4ndige Rechtsanw\u00e4ltin<br>1987-1991 Parteisekret\u00e4rin einer politischen Partei<br>1984-1985 Praktikum in einem Anwaltsb\u00fcro in Schwyz<br>1984 Praktikum in der kantonalen Steuerverwaltung Schwyz<br>1984 Praktikum am Verwaltungsgericht des Kantons Schwyz<\/p>\n\n\n\n<h2 class=\"wp-block-heading\">Ehrenamtliche T\u00e4tigkeiten<\/h2>\n\n\n\n<p>Seit 1998 Aktuarin des Ski Clubs Ibach (SCI)<br>Ehem. Stiftungsr\u00e4tin des Kinder- und Jugendpsychiatrischen Dienstes (KJPD)<br>Ehem. Vorstandsmitglied des Vereins Ehe- und Familienberatung (VESS)<br>Ehem.\u202f Pr\u00e4sidentin der Frauenfachschule Schwyz (FFS)<\/p>\n\n\n\n<h2 class=\"wp-block-heading\">Sprachen<\/h2>\n\n\n\n<p>Deutsch<br>Englisch<br>Franz\u00f6sisch<br>Italienisch<\/p>\n\n\n\n<h2 class=\"wp-block-heading\">Pers\u00f6nlich<\/h2>\n\n\n\n<p>Geboren in Siebnen, Kanton Schwyz<br>Verheiratet, vier erwachsene Kinder<br>Hobbies: Skifahren, Wandern, Reisen<\/p>\n","protected":false},"excerpt":{"rendered":"<p>Berufstitel und Mitgliedschaften Rechtsanw\u00e4ltin SAV und Mediatorin CAS\/SAVUrkundsperson des\u202fKantons SchwyzMitglied des Anwaltsverbandes des Kantons Schwyz (AVSZ)Mitglied des Schweizerischen\u202fAnwaltsverbandes (SAV)Mitglied\u202fdes Vereins Mediation\u202fZentralschweiz (VMZS) Aus- und Weiterbildungen Laufend Express-Fortbildungen f\u00fcr Anw\u00e4lte (Universit\u00e4t Luzern)2013 Zusatzausbildung als Mediatorin SAV (Schweizerischer Anwaltsverband)2013 Zusatzstudium Mediatorin CAS (Certificate of Advanced Studies, Hochschule Luzern)2012 Fachkurs Gerichtsnahe Mediation1992 Rechtsanwaltspatent und Urkundsperson des Kantons Schwyz1983 &hellip; <\/p>\n<p class=\"link-more\"><a href=\"https:\/\/schwyzeranwalt.ch\/?page_id=10\" class=\"more-link\"><span class=\"screen-reader-text\">\u201e\u00dcber mich\u201c <\/span>weiterlesen<\/a><\/p>\n","protected":false},"author":1,"featured_media":0,"parent":0,"menu_order":0,"comment_status":"closed","ping_status":"closed","template":"","meta":{"footnotes":""},"class_list":["post-10","page","type-page","status-publish","hentry"],"_links":{"self":[{"href":"https:\/\/schwyzeranwalt.ch\/index.php?rest_route=\/wp\/v2\/pages\/10","targetHints":{"allow":["GET"]}}],"collection":[{"href":"https:\/\/schwyzeranwalt.ch\/index.php?rest_route=\/wp\/v2\/pages"}],"about":[{"href":"https:\/\/schwyzeranwalt.ch\/index.php?rest_route=\/wp\/v2\/types\/page"}],"author":[{"embeddable":true,"href":"https:\/\/schwyzeranwalt.ch\/index.php?rest_route=\/wp\/v2\/users\/1"}],"replies":[{"embeddable":true,"href":"https:\/\/schwyzeranwalt.ch\/index.php?rest_route=%2Fwp%2Fv2%2Fcomments&post=10"}],"version-history":[{"count":6,"href":"https:\/\/schwyzeranwalt.ch\/index.php?rest_route=\/wp\/v2\/pages\/10\/revisions"}],"predecessor-version":[{"id":51,"href":"https:\/\/schwyzeranwalt.ch\/index.php?rest_route=\/wp\/v2\/pages\/10\/revisions\/51"}],"wp:attachment":[{"href":"https:\/\/schwyzeranwalt.ch\/index.php?rest_route=%2Fwp%2Fv2%2Fmedia&parent=10"}],"curies":[{"name":"wp","href":"https:\/\/api.w.org\/{rel}","templated":true}]}}

Über mich

<figure class="wp-block-image size-full"><img loading="lazy" decoding="async" width="800" height="500" src="https://schwyzeranwalt.ch/wp-content/uploads/2023/08/4-1.jpg" alt="" class="wp-image-30" srcset="https://schwyzeranwalt.ch/wp-content/uploads/2023/08/4-1.jpg 800w, https://schwyzeranwalt.ch/wp-content/uploads/2023/08/4-1-300x188.jpg 300w, https://schwyzeranwalt.ch/wp-content/uploads/2023/08/4-1-768x480.jpg 768w" sizes="auto, (max-width: 767px) 89vw, (max-width: 1000px) 54vw, (max-width: 1071px) 543px, 580px" /></figure>



<h2 class="wp-block-heading">Berufstitel und Mitgliedschaften</h2>



<p>Rechtsanwältin SAV und Mediatorin CAS/SAV<br>Urkundsperson des Kantons Schwyz<br>Mitglied des Anwaltsverbandes des Kantons Schwyz (AVSZ)<br>Mitglied des Schweizerischen Anwaltsverbandes (SAV)<br>Mitglied des Vereins Mediation Zentralschweiz (VMZS)</p>



<h2 class="wp-block-heading">Aus- und Weiterbildungen</h2>



<p>Laufend Express-Fortbildungen für Anwälte (Universität Luzern)<br>2013 Zusatzausbildung als Mediatorin SAV (Schweizerischer Anwaltsverband)<br>2013 Zusatzstudium Mediatorin CAS (Certificate of Advanced Studies, Hochschule Luzern)<br>2012 Fachkurs Gerichtsnahe Mediation<br>1992 Rechtsanwaltspatent und Urkundsperson des Kantons Schwyz<br>1983 Studium Jurisprudenz an der Universität Freiburg (lic. iur.),<br>Abschluss mit Höchstprädikat (Summa cum laude)<br>1979 Maturität am Kollegium Nuolen, Typus A</p>



<h2 class="wp-block-heading"> Berufliche Tätigkeiten</h2>



<p>Seit 2014 Gerichtsschreiberin am Bezirksgericht Gersau<br>2011-2015 Vizepräsidentin in der Miet-Schlichtungsbehörde des Bezirks Schwyz<br>Seit 2011 Mitglied des Vereins &#8222;Anwalt der ersten Stunde&#8220;<br>Seit 2008 Mitglied in der Rekurskommission der röm.-kath. Kantonalkirche Schwyz<br>Seit 1992 Selbständige Rechtsanwältin<br>1987-1991 Parteisekretärin einer politischen Partei<br>1984-1985 Praktikum in einem Anwaltsbüro in Schwyz<br>1984 Praktikum in der kantonalen Steuerverwaltung Schwyz<br>1984 Praktikum am Verwaltungsgericht des Kantons Schwyz</p>



<h2 class="wp-block-heading">Ehrenamtliche Tätigkeiten</h2>



<p>Seit 1998 Aktuarin des Ski Clubs Ibach (SCI)<br>Ehem. Stiftungsrätin des Kinder- und Jugendpsychiatrischen Dienstes (KJPD)<br>Ehem. Vorstandsmitglied des Vereins Ehe- und Familienberatung (VESS)<br>Ehem.  Präsidentin der Frauenfachschule Schwyz (FFS)</p>



<h2 class="wp-block-heading">Sprachen</h2>



<p>Deutsch<br>Englisch<br>Französisch<br>Italienisch</p>



<h2 class="wp-block-heading">Persönlich</h2>



<p>Geboren in Siebnen, Kanton Schwyz<br>Verheiratet, vier erwachsene Kinder<br>Hobbies: Skifahren, Wandern, Reisen</p>

<p>Berufstitel und Mitgliedschaften Rechtsanwältin SAV und Mediatorin CAS/SAVUrkundsperson des Kantons SchwyzMitglied des Anwaltsverbandes des Kantons Schwyz (AVSZ)Mitglied des Schweizerischen Anwaltsverbandes (SAV)Mitglied des Vereins Mediation Zentralschweiz (VMZS) Aus- und Weiterbildungen Laufend Express-Fortbildungen für Anwälte (Universität Luzern)2013 Zusatzausbildung als Mediatorin SAV (Schweizerischer Anwaltsverband)2013 Zusatzstudium Mediatorin CAS (Certificate of Advanced Studies, Hochschule Luzern)2012 Fachkurs Gerichtsnahe Mediation1992 Rechtsanwaltspatent und Urkundsperson des Kantons Schwyz1983 &hellip; </p>
<p class="link-more"><a href="https://schwyzeranwalt.ch/?page_id=10" class="more-link"><span class="screen-reader-text">„Über mich“ </span>weiterlesen</a></p>
